 39 is divided by (-6 + 2)*11/22 + 10.
7
Suppose 44 = 24*c - 484. Calculate the remainder when 54 is divided by c.
10
Let t(i) = -i**3 - 48*i**2 - i - 37. What is the remainder when 205 is divided by t(-48)?
7
Calculate the remainder when ((-3)/6)/((-7)/378) is divided by 7.
6
Let m = 467 - 451. What is the remainder when 350 is divided by m?
14
Let n = 127 - 56. What is the remainder when n is divided by 18?
17
Let x = 9 + -15. Let k = 31 + x. Suppose 65 = -863*r + 868*r. What is the remainder when k is divided by r?
12
Suppose 394 + 46 = 8*t. What is the remainder when t is divided by 19?
17
Let d = 15 + -14. Let j(v) = 19*v**3 - v**2 + v - 1. Calculate the remainder when j(d) is divided by 5.
3
Let t(p) = 14*p**2 + 5*p - 14. Calculate the remainder when t(-4) is divided by 64.
62
Let q = -45 + 181. Calculate the remainder when q is divided by 20.
16
Suppose 0 = 3*n + 2*u - 35, 3*n = -u + 19 + 18. Suppose 19*c - n = 18*c. Calculate the remainder when 46 is divided by c.
7
Let n(g) = g**2 + g - 4. Let m be n(-3). Let p = m + 2. Suppose -p*o + 2*o = -18. What is the remainder when 35 is divided by o?
8
Calculate the remainder when 560 is divided by (-2800)/15*6/(-4).
0
Let p = -17 - -48. Calculate the remainder when p is divided by -23 + 22 + (-1)/(1/(-5)).
3
Let t = 176 - 144. Calculate the remainder when 127 is divided by t.
31
Suppose 5*i + 3*o = 491, 0*i + 5*o - 204 = -2*i. Let s = -27 - -52. What is the remainder when i is divided by s?
22
Let u(f) = -f**3 + f**2 + f - 1. Let r(h) = 6*h**3 - 5*h**2 - 4*h + 5. Let q(b) = -r(b) - 5*u(b). What is the remainder when 27 is divided by q(-2)?
7
Suppose 3*b + 8*b - 1485 = 0. Let m = b - 113. What is the remainder when 84 is divided by m?
18
Let h be 0*((-5)/(-5) - 0). Suppose h*b - 3*b - 4*y + 319 = 0, 107 = b + y. Let z(d) = -d**3 + 9*d**2 - 10*d. What is the remainder when b is divided by z(7)?
25
Suppose 0 = 2*n + 21 - 25. Suppose -n*j - 80 = -7*j. Let o(y) = -y + 63. What is the remainder when o(0) is divided by j?
15
Suppose -5*n + 45 = 3*o, 6*n = 4*o - 149 + 51. What is the remainder when 258 is divided by o?
18
Let d be (-2)/4*2*-5. Suppose -3*j = -0*j - d*w - 49, -2*j = 4*w - 18. What is the remainder when 34 is divided by j?
8
Let l = -1 + 2. Let a be (l - -1)*(-6)/(-3). Suppose -d - 9 = -a*d. Calculate the remainder when 6 is divided by d.
0
Let v(k) = k + 17. Let j(x) = 2*x**2 + 5*x + 5. Let m be j(-2). Let n(d) = 9*d + 6. Calculate the remainder when n(m) is divided by v(-8).
6
Let r(c) = 4*c**3 - 4*c**2 + 5*c - 31. What is the remainder when r(5) is divided by 12?
10
Suppose -33*b + 8*b = -2150. What is the remainder when 428 is divided by b?
84
Suppose -w + 26*b - 28*b = -38, 0 = 3*w + 2*b - 110. What is the remainder when 49 is divided by w?
13
Let u(m) = m**2 - 12*m + 15. Let k be u(11). Suppose k*t = 8*t - 16. What is the remainder when 6*t/8*26 is divided by 20?
18
Let b(h) = -h**3 - 13*h**2 - 23*h - 74. Calculate the remainder when b(-12) is divided by 17.
7
Let i = 1544 - 1036. Calculate the remainder when i is divided by 30.
28
Suppose m = -2*m + 165. Let f = 19597 + -19564. Calculate the remainder when m is divided by f.
22
Let z = 307 + -184. Suppose 0 = 4*r + 3*r - 147. Calculate the remainder when z is divided by r.
18
Let j = 1110 - 699. What is the remainder when j is divided by 144?
123
What is the remainder when (1/3)/(21/(-94563)*-19) is divided by 28?
23
Let w(m) be the first derivative of m**4/4 - m**3/3 - m**2/2 - 2*m + 5. Let f be w(2). Suppose f + 20 = 4*t. Calculate the remainder when 14 is divided by t.
4
Let o(r) = 31*r + 22. Calculate the remainder when 241 is divided by o(0).
21
Let d(a) = -a**3 + 20*a**2 - 27*a + 9. Let h be d(18). Suppose 4*w - 5*y = h, 5*w - y + 6*y = 225. What is the remainder when 85 is divided by w?
41
Suppose 2*n - 3*c - 124 = 0, 118*c + 8 = 122*c. Let t(i) = -2*i**3 - i**2 - 1. What is the remainder when n is divided by t(-2)?
10
Suppose 66 = 11*f - 8*f - 3*u, 0 = 4*f - u - 82. Calculate the remainder when 195 is divided by f.
15
Suppose -8 - 2 = -2*x. Suppose 115 = -77*b + 82*b. What is the remainder when 92/b - (0 - 8) is divided by x?
2
Let t(v) = v - 3. Suppose 0 = 4*u - 20, 0 = 3*q + 6*u - u - 43. Let y be t(q). Suppose -b + 12 = y*b. What is the remainder when b is divided by 1?
0
Suppose i + 0*i - 10 = 0. What is the remainder when ((-2)/(-3))/((-5)/(-135)) is divided by i?
8
Suppose 7*q + 3*x - 282 = 3*q, 2*x = 5*q - 364. What is the remainder when 135 is divided by q?
63
Let d = -270 + 313. Calculate the remainder when 167 is divided by d.
38
Let h(r) = 7*r + 217. What is the remainder when h(-8) is divided by 133?
28
Suppose q - 158 = -2*j, -5*q + 4*q + 133 = -3*j. Calculate the remainder when q is divided by 10.
8
Let c(a) = -5600*a**2 + 4 - 5*a + 44*a + 5598*a**2. Calculate the remainder when 113 is divided by c(19).
21
Let i(c) = c**3 + 4*c**2 - 2*c. Let a = -10 - -17. Suppose -10*o = -a*o - 87. What is the remainder when o is divided by i(-4)?
5
Suppose -2*w + 74 = -c, 2*c = 4*w + c - 152. Let l = w + -27. Calculate the remainder when 23 is divided by l.
11
Suppose h - 1 - 1 = 0. Suppose -2*z + 26 = h*u, -2*z + 0*z + 2*u = -30. Suppose 11*r = z*r - 48. Calculate the remainder when 28 is divided by r.
12
Let j = 51 + -38. What is the remainder when 48 is divided by j?
9
Let o = 12 - 3. Suppose 6*f - o = 3*f. Suppose -18 = -2*i + m, 0 = i - m - 4 - 3. Calculate the remainder when i is divided by f.
2
Let m = 407 + -366. Suppose 2*i = i + 7. What is the remainder when m is divided by i?
6
Calculate the remainder when 312 is divided by ((-3)/2)/(40/(-80)).
0
Let w = 11 + 1. Suppose 0*y + 2*y = w. Suppose 0 = 16*n - 34 - 30. What is the remainder when y is divided by n?
2
Let c(w) = -w**2 + 28*w - 104. Calculate the remainder when 255 is divided by c(21).
40
Suppose -4*p = -0*v + v - 523, -15 = -5*v. Suppose -4*l = -5*t - p, -t = 4*l - 2*t - 122. Suppose 5*y - 35 = l. What is the remainder when y is divided by 8?
5
Suppose 0 = -28*w + 23*w + 80. What is the remainder when 47 is divided by w?
15
Let u = 187 - 45. Let s(v) = -5*v**2 + 40*v + 1. What is the remainder when u is divided by s(7)?
34
Let r be (4/20)/(3/45). Suppose -o = -2*o + t + 4, 4*t = -r*o + 40. What is the remainder when 31 is divided by o?
7
Let o = -4 - -46. Calculate the remainder when 100 is divided by o.
16
Let u(g) = 24*g**2 - 18*g - 154. Calculate the remainder when u(-6) is divided by 20.
18
Suppose 87 = 3*d - 123. Calculate the remainder when d is divided by 11.
4
Suppose -3*r + 136 = -7*r. Let t = -27 - r. Let s(f) = 4*f**2 - 2*f - 1. What is the remainder when s(-2) is divided by t?
5
Let a(k) = 2*k**2 + 8. Suppose -233 - 253 = -18*m. What is the remainder when a(-6) is divided by m?
26
Let i(x) = -x - 15. Let c be i(-15). Suppose -33 = -5*d - 4*n + 129, c = 4*d - 4*n - 144. Calculate the remainder when d is divided by 18.
16
Let p be ((-106)/6 - 1)*90/(-12). Suppose 6*f - p = -8*f. Calculate the remainder when 39 is divided by f.
9
Let q = 108 - 101. What is the remainder when 39 is divided by q?
4
Let w(i) = 34*i + 56. Calculate the remainder when 161 is divided by w(0).
49
Suppose 3*k - 87 = -2*a - 442, -4*a + 325 = -3*k. Let t = -76 - k. Let z = -9 + 15. What is the remainder when t is divided by z?
3
Let c = -819 + 854. Calculate the remainder when 769 is divided by c.
34
Let m(i) = -23*i - 213. What is the remainder when m(-16) is divided by 23?
17
Let a(n) = -52*n + 427. Calculate the remainder when a(7) is divided by 6.
3
Let d(q) = 6*q - 3*q**2 - 2*q**2 + q**2 + 5 + 3*q**2. Let u be d(5). Let b = u + -4. What is the remainder when 10 is divided by b?
4
Let r(s) = 2*s**2 + 8*s - 3. Suppose -34 = 11*w - 89. What is the remainder when r(-7) is divided by w?
4
Let r(b) be the second derivative of b**3/6 + 4*b**2 - 4*b. Let m be r(-8). Suppose m = 5*v + 15, 8 + 5 = u - v. What is the remainder when u is divided by 3?
1
Let i = -18 - -31. What is the remainder when 195/9 - 4/6 is divided by i?
8
Let l(j) = 2*j**2 + 7*j - 52. What is the remainder when 279 is divided by l(-9)?
44
Suppose t + 5*b - 422 = 9*b, 10 = -2*b. Calculate the remainder when t is divided by 27.
24
Let c(y) = 3*y**3 + 3*y**2 - 10*y + 19. What is the remainder when 68 i